{"id":1987,"date":"2023-06-19T17:40:29","date_gmt":"2023-06-19T15:40:29","guid":{"rendered":"https:\/\/petservicesparis.com\/?page_id=1987"},"modified":"2024-07-18T19:40:17","modified_gmt":"2024-07-18T17:40:17","slug":"liens","status":"publish","type":"page","link":"https:\/\/petservicesparis.com\/index.php\/liens\/","title":{"rendered":"Liens Utiles:"},"content":{"rendered":"\n<p class=\"has-link-color has-medium-font-size wp-elements-754d89241155b98fd0fa364f3b7a55a1\" style=\"font-style:normal;font-weight:300\">Pour mettre \u00e0 jour vos coordonn\u00e9es en cas de changement d&rsquo;adresse, n\u00b0 de t\u00e9l et informations si vous perdez ou trouvez un animal: <a href=\"https:\/\/www.i-cad.fr\/\" target=\"_blank\" rel=\"noreferrer noopener\">https:\/\/www.i-cad.fr\/<\/a><\/p>\n\n\n\n<p class=\"has-link-color has-medium-font-size wp-elements-145f5124e3c59a2ef7e13eec87d90ebf\" style=\"font-style:normal;font-weight:300\">Guide de l\u2019animal en Ville (Mairie de Paris): <a href=\"https:\/\/cdn.paris.fr\/paris\/2020\/02\/10\/352be946b67267bc8eb0dc83cd1b0a8c.pdf\" target=\"_blank\" rel=\"noreferrer noopener\">https:\/\/cdn.paris.fr\/paris\/2020\/02\/10\/352be946b67267bc8eb0dc83cd1b0a8c.pdf<\/a>&nbsp;&nbsp;<\/p>\n\n\n\n<h2 class=\"wp-block-heading has-text-align-center\"><strong><span style=\"text-decoration: underline;\">CONTACT D&rsquo;URGENCE :<\/span><\/strong><\/h2>\n\n\n\n<p><strong>URGENCE VET<\/strong> partout en France: 3115 (gratuit depuis fixes et mobiles)  Site internet\u00a0:\u00a0<a href=\"http:\/\/www.urgences-veterinaires.fr\/\" target=\"_blank\" rel=\"noreferrer noopener\">www.urgences-veterinaires.fr<\/a><\/p>\n\n\n\n<div style=\"height:20px\" aria-hidden=\"true\" class=\"wp-block-spacer\"><\/div>\n\n\n\n<p class=\"has-link-color has-medium-font-size wp-elements-c69b256dfa0ae60592445285b1540617\" style=\"font-style:normal;font-weight:300\"><strong>Urgences v\u00e9t\u00e9rinaires \u00e0 domicile:<\/strong> T\u00e9l: 01.47.46.09.09 <a href=\"https:\/\/www.vetoadom.com\/\" target=\"_blank\" rel=\"noreferrer noopener\">https:\/\/www.vetoadom.com\/<\/a>&nbsp; 24h\/24 &#8211; 7j\/7 \u00e0 Paris et en Ile de France<\/p>\n\n\n\n<p class=\"has-medium-font-size\" style=\"margin-top:0;margin-right:0;margin-bottom:0;margin-left:0;padding-top:0;padding-right:0;padding-bottom:0;padding-left:0;font-style:normal;font-weight:300\"><strong>Urgences v\u00e9t\u00e9rinaires Ecole v\u00e9t\u00e9rinaire de Maison Alfort: <\/strong><\/p>\n\n\n\n<p class=\"has-medium-font-size\" style=\"font-style:normal;font-weight:300\">T\u00e9l: 01.43.96.72.72 13h \u00e0 8h du matin en semaine et 24h\/24 le week-end &#8211; ferm\u00e9 en ao\u00fbt<\/p>\n\n\n\n<p class=\"has-medium-font-size\" style=\"font-style:normal;font-weight:300\"><strong>Urgences v\u00e9t\u00e9rinaires Ile-de-France: <\/strong>T\u00e9l: 08.92.68.99.33&nbsp; (20h-8h)<\/p>\n\n\n\n<p class=\"has-medium-font-size\" style=\"margin-top:0;margin-right:0;margin-bottom:0;margin-left:0;padding-top:0;padding-right:0;padding-bottom:0;padding-left:0;font-style:normal;font-weight:300\"><strong>Centre anti-poison animaux Maisons-Alfort<\/strong>: T\u00e9l: 01.48.93.13.00 9h \u00e0 17h du lundi au vendredi<\/p>\n\n\n\n<ul class=\"wp-block-list\">\n<li style=\"font-style:normal;font-weight:300\" class=\"has-medium-font-size\">En cas d\u2019accident ou animal bless\u00e9 sur la voie publique, s\u00e9curisez le p\u00e9rim\u00e8tre et ne vous mettez pas en danger: un animal bless\u00e9 peut devenir agressif en cas de douleur. Contactez les pompiers:&nbsp;<\/li>\n<\/ul>\n\n\n\n<ul class=\"wp-block-list\">\n<li style=\"font-style:normal;font-weight:300\" class=\"has-medium-font-size\">Si vous voyez un animal enferm\u00e9 dans une voiture au soleil, ne tentez rien : appelez d\u2019abord les pompiers ; eux ainsi que la police et la gendarmerie sont autoris\u00e9s \u00e0 casser la vitre d\u2019une voiture dans ce genre de situation<\/li>\n<\/ul>\n\n\n\n<p class=\"has-vivid-red-color has-text-color has-medium-font-size\" style=\"font-style:normal;font-weight:600\">Pompiers : 18 &#8211; Police \/ Gendarmerie : 17<\/p>\n\n\n\n<p class=\"has-medium-font-size\" style=\"margin-top:0;margin-right:0;margin-bottom:0;margin-left:0;padding-top:0;padding-right:0;padding-bottom:0;padding-left:0;font-style:normal;font-weight:300\"><strong>Pour signaler un animal perdu ou trouv\u00e9?<\/strong><\/p>\n\n\n\n<div class=\"inherit-container-width wp-block-group is-layout-constrained wp-container-core-group-is-layout-aa170cfd wp-block-group-is-layout-constrained\" style=\"padding-top:var(--wp--preset--spacing--40);padding-right:var(--wp--preset--spacing--40);padding-bottom:var(--wp--preset--spacing--40);padding-left:var(--wp--preset--spacing--40);line-height:1\">\n<p class=\"has-link-color has-medium-font-size wp-elements-9d612428bb74eb7afaf5aa7c8b2db5ec\" style=\"font-style:normal;font-weight:300;line-height:1\"><a href=\"http:\/\/www.chien-perdu.com\" target=\"_blank\" rel=\"noreferrer noopener\">www.chien-perdu.com<\/a>&nbsp;<\/p>\n\n\n\n<p class=\"has-link-color has-medium-font-size wp-elements-41480a06e733336e9a1b32097ce0f217\" style=\"font-style:normal;font-weight:300;line-height:1\"><a href=\"https:\/\/www.petalertfrance.com\/\" target=\"_blank\" rel=\"noreferrer noopener\">https:\/\/www.petalertfrance.com\/<\/a><\/p>\n\n\n\n<p class=\"has-link-color has-medium-font-size wp-elements-d7d5bb3bf8c5ea284a6fa09475899f26\" style=\"font-style:normal;font-weight:300;line-height:1\"><a href=\"https:\/\/www.europetnet.com\/\" target=\"_blank\" rel=\"noreferrer noopener\">https:\/\/www.europetnet.com\/<\/a> &nbsp; (site Europ\u00e9en)<\/p>\n<\/div>\n\n\n\n<p class=\"has-medium-font-size\" style=\"margin-top:0;margin-right:0;margin-bottom:0;margin-left:0;padding-top:0;padding-right:0;padding-bottom:0;padding-left:0;font-style:normal;font-weight:300\"><strong>Vous avez trouv\u00e9 un animal: que faire?<\/strong><\/p>\n\n\n\n<ul class=\"wp-block-list\">\n<li style=\"font-style:normal;font-weight:300\" class=\"has-medium-font-size\">Vous pouvez emmener l&rsquo;animal \u00e0 la gendarmerie ou au commissariat, ou \u00e0 la mairie pour qu&rsquo;il soit transf\u00e9r\u00e9 en fourri\u00e8re pour v\u00e9rifier son identification et contacter son propri\u00e9taire.<\/li>\n<\/ul>\n\n\n\n<p class=\"has-medium-font-size\" style=\"font-style:normal;font-weight:300\">Les animaux perdus sont souvent transf\u00e9r\u00e9s en fourri\u00e8re lorsque le propri\u00e9taire ne peut \u00eatre joint ou lorsque ces animaux ne sont pas identifi\u00e9s.&nbsp;<\/p>\n\n\n\n<p class=\"has-medium-font-size\" style=\"margin-top:0;margin-right:0;margin-bottom:0;margin-left:0;padding-top:0;padding-right:0;padding-bottom:0;padding-left:0;font-style:normal;font-weight:300\"><strong>La fourri\u00e8re qui g\u00e8re Paris: <\/strong>T\u00e9l: 01.48.60.21.12<\/p>\n\n\n\n<p class=\"has-link-color has-medium-font-size wp-elements-114fd2b4ae04bdc7d826e7f58a95ceef\" style=\"margin-top:0;margin-right:0;margin-bottom:0;margin-left:0;padding-top:var(--wp--preset--spacing--20);padding-right:var(--wp--preset--spacing--20);padding-bottom:var(--wp--preset--spacing--20);padding-left:var(--wp--preset--spacing--20);font-style:normal;font-weight:300\"><a href=\"https:\/\/groupehygieneaction.site-solocal.com\" target=\"_blank\" rel=\"noreferrer noopener\">https:\/\/groupehygieneaction.site-solocal.com<\/a><\/p>\n\n\n\n<p><\/p>\n\n\n\n<p class=\"has-medium-font-size\" style=\"margin-top:0;margin-right:0;margin-bottom:0;margin-left:0;padding-top:0;padding-right:0;padding-bottom:0;padding-left:0;font-style:normal;font-weight:300\"><strong>En r\u00e9gion parisienne: <\/strong><\/p>\n\n\n\n<p class=\"has-medium-font-size\" style=\"margin-top:0;margin-right:0;margin-bottom:0;margin-left:0;padding-top:var(--wp--preset--spacing--20);padding-right:var(--wp--preset--spacing--20);padding-bottom:var(--wp--preset--spacing--20);padding-left:var(--wp--preset--spacing--20);font-style:normal;font-weight:300\">Gennevilliers (92) : 01 47 98 82 64<br>Souzy-la-Briche (91): 01 69 92 08 53<br>Vaux-le-P\u00e9nil (77): 01 64 52 17 13<br>Chailly-en-Brie (77): 01 64 75 49 74<\/p>\n\n\n\n<div style=\"height:20px\" aria-hidden=\"true\" class=\"wp-block-spacer\"><\/div>\n\n\n\n<div style=\"height:20px\" aria-hidden=\"true\" class=\"wp-block-spacer\"><\/div>\n","protected":false},"excerpt":{"rendered":"<p>Pour mettre \u00e0 jour vos coordonn\u00e9es en cas de changement d&rsquo;adresse, n\u00b0 de t\u00e9l et informations si vous perdez ou trouvez un animal: https:\/\/www.i-cad.fr\/ Guide de l\u2019animal en Ville (Mairie de Paris): https:\/\/cdn.paris.fr\/paris\/2020\/02\/10\/352be946b67267bc8eb0dc83cd1b0a8c.pdf&nbsp;&nbsp; CONTACT D&rsquo;URGENCE : URGENCE VET partout en France: 3115 (gratuit depuis fixes et mobiles) Site internet\u00a0:\u00a0www.urgences-veterinaires.fr Urgences v\u00e9t\u00e9rinaires \u00e0 domicile: T\u00e9l: 01.47.46.09.09 [&hellip;]<\/p>\n","protected":false},"author":1,"featured_media":0,"parent":0,"menu_order":0,"comment_status":"closed","ping_status":"closed","template":"","meta":{"site-sidebar-layout":"default","site-content-layout":"","ast-site-content-layout":"default","site-content-style":"default","site-sidebar-style":"default","ast-global-header-display":"","ast-banner-title-visibility":"","ast-main-header-display":"","ast-hfb-above-header-display":"","ast-hfb-below-header-display":"","ast-hfb-mobile-header-display":"","site-post-title":"","ast-breadcrumbs-content":"","ast-featured-img":"","footer-sml-layout":"","ast-disable-related-posts":"","theme-transparent-header-meta":"","adv-header-id-meta":"","stick-header-meta":"","header-above-stick-meta":"","header-main-stick-meta":"","header-below-stick-meta":"","astra-migrate-meta-layouts":"set","ast-page-background-enabled":"default","ast-page-background-meta":{"desktop":{"background-color":"var(--ast-global-color-4)","background-image":"","background-repeat":"repeat","background-position":"center center","background-size":"auto","background-attachment":"scroll","background-type":"","background-media":"","overlay-type":"","overlay-color":"","overlay-opacity":"","overlay-gradient":""},"tablet":{"background-color":"","background-image":"","background-repeat":"repeat","background-position":"center center","background-size":"auto","background-attachment":"scroll","background-type":"","background-media":"","overlay-type":"","overlay-color":"","overlay-opacity":"","overlay-gradient":""},"mobile":{"background-color":"","background-image":"","background-repeat":"repeat","background-position":"center center","background-size":"auto","background-attachment":"scroll","background-type":"","background-media":"","overlay-type":"","overlay-color":"","overlay-opacity":"","overlay-gradient":""}},"ast-content-background-meta":{"desktop":{"background-color":"var(--ast-global-color-5)","background-image":"","background-repeat":"repeat","background-position":"center center","background-size":"auto","background-attachment":"scroll","background-type":"","background-media":"","overlay-type":"","overlay-color":"","overlay-opacity":"","overlay-gradient":""},"tablet":{"background-color":"var(--ast-global-color-5)","background-image":"","background-repeat":"repeat","background-position":"center center","background-size":"auto","background-attachment":"scroll","background-type":"","background-media":"","overlay-type":"","overlay-color":"","overlay-opacity":"","overlay-gradient":""},"mobile":{"background-color":"var(--ast-global-color-5)","background-image":"","background-repeat":"repeat","background-position":"center center","background-size":"auto","background-attachment":"scroll","background-type":"","background-media":"","overlay-type":"","overlay-color":"","overlay-opacity":"","overlay-gradient":""}},"_glsr_average":0,"_glsr_ranking":0,"_glsr_reviews":0,"footnotes":""},"class_list":["post-1987","page","type-page","status-publish","hentry"],"featured_image_src":null,"yoast_head":"<!-- This site is optimized with the Yoast SEO plugin v26.9 - https:\/\/yoast.com\/product\/yoast-seo-wordpress\/ -->\n<title>Liens Utiles: - petservicesparis<\/title>\n<meta name=\"robots\" content=\"index, follow, max-snippet:-1, max-image-preview:large, max-video-preview:-1\" \/>\n<link rel=\"canonical\" href=\"https:\/\/petservicesparis.com\/index.php\/liens\/\" \/>\n<meta property=\"og:locale\" content=\"fr_FR\" \/>\n<meta property=\"og:type\" content=\"article\" \/>\n<meta property=\"og:title\" content=\"Liens Utiles: - petservicesparis\" \/>\n<meta property=\"og:description\" content=\"Pour mettre \u00e0 jour vos coordonn\u00e9es en cas de changement d&rsquo;adresse, n\u00b0 de t\u00e9l et informations si vous perdez ou trouvez un animal: https:\/\/www.i-cad.fr\/ Guide de l\u2019animal en Ville (Mairie de Paris): https:\/\/cdn.paris.fr\/paris\/2020\/02\/10\/352be946b67267bc8eb0dc83cd1b0a8c.pdf&nbsp;&nbsp; CONTACT D&rsquo;URGENCE : URGENCE VET partout en France: 3115 (gratuit depuis fixes et mobiles) Site internet\u00a0:\u00a0www.urgences-veterinaires.fr Urgences v\u00e9t\u00e9rinaires \u00e0 domicile: T\u00e9l: 01.47.46.09.09 [&hellip;]\" \/>\n<meta property=\"og:url\" content=\"https:\/\/petservicesparis.com\/index.php\/liens\/\" \/>\n<meta property=\"og:site_name\" content=\"petservicesparis\" \/>\n<meta property=\"article:modified_time\" content=\"2024-07-18T17:40:17+00:00\" \/>\n<meta name=\"twitter:card\" content=\"summary_large_image\" \/>\n<meta name=\"twitter:label1\" content=\"Dur\u00e9e de lecture estim\u00e9e\" \/>\n\t<meta name=\"twitter:data1\" content=\"2 minutes\" \/>\n<script type=\"application\/ld+json\" class=\"yoast-schema-graph\">{\"@context\":\"https:\/\/schema.org\",\"@graph\":[{\"@type\":\"WebPage\",\"@id\":\"https:\/\/petservicesparis.com\/index.php\/liens\/\",\"url\":\"https:\/\/petservicesparis.com\/index.php\/liens\/\",\"name\":\"Liens Utiles: - petservicesparis\",\"isPartOf\":{\"@id\":\"https:\/\/petservicesparis.com\/#website\"},\"datePublished\":\"2023-06-19T15:40:29+00:00\",\"dateModified\":\"2024-07-18T17:40:17+00:00\",\"breadcrumb\":{\"@id\":\"https:\/\/petservicesparis.com\/index.php\/liens\/#breadcrumb\"},\"inLanguage\":\"fr-FR\",\"potentialAction\":[{\"@type\":\"ReadAction\",\"target\":[\"https:\/\/petservicesparis.com\/index.php\/liens\/\"]}]},{\"@type\":\"BreadcrumbList\",\"@id\":\"https:\/\/petservicesparis.com\/index.php\/liens\/#breadcrumb\",\"itemListElement\":[{\"@type\":\"ListItem\",\"position\":1,\"name\":\"Accueil\",\"item\":\"https:\/\/petservicesparis.com\/\"},{\"@type\":\"ListItem\",\"position\":2,\"name\":\"Liens Utiles:\"}]},{\"@type\":\"WebSite\",\"@id\":\"https:\/\/petservicesparis.com\/#website\",\"url\":\"https:\/\/petservicesparis.com\/\",\"name\":\"petservicesparis\",\"description\":\"garde animaux pension pour chats chiens et nac paris 14\",\"publisher\":{\"@id\":\"https:\/\/petservicesparis.com\/#organization\"},\"potentialAction\":[{\"@type\":\"SearchAction\",\"target\":{\"@type\":\"EntryPoint\",\"urlTemplate\":\"https:\/\/petservicesparis.com\/?s={search_term_string}\"},\"query-input\":{\"@type\":\"PropertyValueSpecification\",\"valueRequired\":true,\"valueName\":\"search_term_string\"}}],\"inLanguage\":\"fr-FR\"},{\"@type\":\"Organization\",\"@id\":\"https:\/\/petservicesparis.com\/#organization\",\"name\":\"petservicesparis\",\"url\":\"https:\/\/petservicesparis.com\/\",\"logo\":{\"@type\":\"ImageObject\",\"inLanguage\":\"fr-FR\",\"@id\":\"https:\/\/petservicesparis.com\/#\/schema\/logo\/image\/\",\"url\":\"https:\/\/petservicesparis.com\/wp-content\/uploads\/2023\/07\/cropped-logo-vert-sans-back.png\",\"contentUrl\":\"https:\/\/petservicesparis.com\/wp-content\/uploads\/2023\/07\/cropped-logo-vert-sans-back.png\",\"width\":1080,\"height\":160,\"caption\":\"petservicesparis\"},\"image\":{\"@id\":\"https:\/\/petservicesparis.com\/#\/schema\/logo\/image\/\"}}]}<\/script>\n<!-- \/ Yoast SEO plugin. -->","yoast_head_json":{"title":"Liens Utiles: - petservicesparis","robots":{"index":"index","follow":"follow","max-snippet":"max-snippet:-1","max-image-preview":"max-image-preview:large","max-video-preview":"max-video-preview:-1"},"canonical":"https:\/\/petservicesparis.com\/index.php\/liens\/","og_locale":"fr_FR","og_type":"article","og_title":"Liens Utiles: - petservicesparis","og_description":"Pour mettre \u00e0 jour vos coordonn\u00e9es en cas de changement d&rsquo;adresse, n\u00b0 de t\u00e9l et informations si vous perdez ou trouvez un animal: https:\/\/www.i-cad.fr\/ Guide de l\u2019animal en Ville (Mairie de Paris): https:\/\/cdn.paris.fr\/paris\/2020\/02\/10\/352be946b67267bc8eb0dc83cd1b0a8c.pdf&nbsp;&nbsp; CONTACT D&rsquo;URGENCE : URGENCE VET partout en France: 3115 (gratuit depuis fixes et mobiles) Site internet\u00a0:\u00a0www.urgences-veterinaires.fr Urgences v\u00e9t\u00e9rinaires \u00e0 domicile: T\u00e9l: 01.47.46.09.09 [&hellip;]","og_url":"https:\/\/petservicesparis.com\/index.php\/liens\/","og_site_name":"petservicesparis","article_modified_time":"2024-07-18T17:40:17+00:00","twitter_card":"summary_large_image","twitter_misc":{"Dur\u00e9e de lecture estim\u00e9e":"2 minutes"},"schema":{"@context":"https:\/\/schema.org","@graph":[{"@type":"WebPage","@id":"https:\/\/petservicesparis.com\/index.php\/liens\/","url":"https:\/\/petservicesparis.com\/index.php\/liens\/","name":"Liens Utiles: - petservicesparis","isPartOf":{"@id":"https:\/\/petservicesparis.com\/#website"},"datePublished":"2023-06-19T15:40:29+00:00","dateModified":"2024-07-18T17:40:17+00:00","breadcrumb":{"@id":"https:\/\/petservicesparis.com\/index.php\/liens\/#breadcrumb"},"inLanguage":"fr-FR","potentialAction":[{"@type":"ReadAction","target":["https:\/\/petservicesparis.com\/index.php\/liens\/"]}]},{"@type":"BreadcrumbList","@id":"https:\/\/petservicesparis.com\/index.php\/liens\/#breadcrumb","itemListElement":[{"@type":"ListItem","position":1,"name":"Accueil","item":"https:\/\/petservicesparis.com\/"},{"@type":"ListItem","position":2,"name":"Liens Utiles:"}]},{"@type":"WebSite","@id":"https:\/\/petservicesparis.com\/#website","url":"https:\/\/petservicesparis.com\/","name":"petservicesparis","description":"garde animaux pension pour chats chiens et nac paris 14","publisher":{"@id":"https:\/\/petservicesparis.com\/#organization"},"potentialAction":[{"@type":"SearchAction","target":{"@type":"EntryPoint","urlTemplate":"https:\/\/petservicesparis.com\/?s={search_term_string}"},"query-input":{"@type":"PropertyValueSpecification","valueRequired":true,"valueName":"search_term_string"}}],"inLanguage":"fr-FR"},{"@type":"Organization","@id":"https:\/\/petservicesparis.com\/#organization","name":"petservicesparis","url":"https:\/\/petservicesparis.com\/","logo":{"@type":"ImageObject","inLanguage":"fr-FR","@id":"https:\/\/petservicesparis.com\/#\/schema\/logo\/image\/","url":"https:\/\/petservicesparis.com\/wp-content\/uploads\/2023\/07\/cropped-logo-vert-sans-back.png","contentUrl":"https:\/\/petservicesparis.com\/wp-content\/uploads\/2023\/07\/cropped-logo-vert-sans-back.png","width":1080,"height":160,"caption":"petservicesparis"},"image":{"@id":"https:\/\/petservicesparis.com\/#\/schema\/logo\/image\/"}}]}},"_links":{"self":[{"href":"https:\/\/petservicesparis.com\/index.php\/wp-json\/wp\/v2\/pages\/1987","targetHints":{"allow":["GET"]}}],"collection":[{"href":"https:\/\/petservicesparis.com\/index.php\/wp-json\/wp\/v2\/pages"}],"about":[{"href":"https:\/\/petservicesparis.com\/index.php\/wp-json\/wp\/v2\/types\/page"}],"author":[{"embeddable":true,"href":"https:\/\/petservicesparis.com\/index.php\/wp-json\/wp\/v2\/users\/1"}],"replies":[{"embeddable":true,"href":"https:\/\/petservicesparis.com\/index.php\/wp-json\/wp\/v2\/comments?post=1987"}],"version-history":[{"count":82,"href":"https:\/\/petservicesparis.com\/index.php\/wp-json\/wp\/v2\/pages\/1987\/revisions"}],"predecessor-version":[{"id":5550,"href":"https:\/\/petservicesparis.com\/index.php\/wp-json\/wp\/v2\/pages\/1987\/revisions\/5550"}],"wp:attachment":[{"href":"https:\/\/petservicesparis.com\/index.php\/wp-json\/wp\/v2\/media?parent=1987"}],"curies":[{"name":"wp","href":"https:\/\/api.w.org\/{rel}","templated":true}]}}