{"id":5315,"date":"2024-03-16T06:55:04","date_gmt":"2024-03-16T05:55:04","guid":{"rendered":"https:\/\/petservicesparis.com\/?page_id=5315"},"modified":"2026-03-20T13:34:39","modified_gmt":"2026-03-20T12:34:39","slug":"tarifs-chiens-2025-promenades-de-quartier","status":"publish","type":"page","link":"https:\/\/petservicesparis.com\/index.php\/tarifs-chiens-2025-promenades-de-quartier\/","title":{"rendered":"TARIFS CHIENS 2026 \/ promenades de quartier"},"content":{"rendered":"\n<figure class=\"wp-block-image aligncenter size-large is-resized is-style-rounded\"><img loading=\"lazy\" decoding=\"async\" width=\"1024\" height=\"807\" src=\"https:\/\/petservicesparis.com\/wp-content\/uploads\/2023\/07\/IMG_5895-1-1024x807.jpeg\" alt=\"\" class=\"wp-image-4052\" style=\"width:150px;height:150px\" srcset=\"https:\/\/petservicesparis.com\/wp-content\/uploads\/2023\/07\/IMG_5895-1-1024x807.jpeg 1024w, https:\/\/petservicesparis.com\/wp-content\/uploads\/2023\/07\/IMG_5895-1-300x236.jpeg 300w, https:\/\/petservicesparis.com\/wp-content\/uploads\/2023\/07\/IMG_5895-1-768x605.jpeg 768w, https:\/\/petservicesparis.com\/wp-content\/uploads\/2023\/07\/IMG_5895-1-1536x1210.jpeg 1536w, https:\/\/petservicesparis.com\/wp-content\/uploads\/2023\/07\/IMG_5895-1-2048x1613.jpeg 2048w\" sizes=\"auto, (max-width: 1024px) 100vw, 1024px\" \/><\/figure>\n\n\n\n<h2 class=\"wp-block-heading has-text-align-center\"><span style=\"text-decoration: underline;\">Promenades de quartier<\/span><\/h2>\n\n\n\n<p class=\"has-text-align-center\">Votre chien a besoin de promenades de qualit\u00e9, pas seulement de sorties express pour faire ses besoins.                                                                                                                                                                                                       Mes balades sont <strong>individuelles et personnalis\u00e9es<\/strong> : votre chien avance \u00e0 son rythme, prend le temps de renifler, jouer, explorer.. ce qui lui pla\u00eet. C&rsquo;est son moment \u00e0 lui.                                                                                                                                                                                                                                                Je viens le chercher directement \u00e0 votre domicile pour le promener dans votre quartier, \u00e0 un cr\u00e9neau horaire convenu ensemble, puis je vous le ram\u00e8ne. Des promenades avec un autre chien peuvent \u00eatre propos\u00e9es uniquement si cela correspond au temp\u00e9rament de votre chien et avec votre accord. <span style=\"text-decoration: underline;\">Compte-rendu en photo envoy\u00e9 apr\u00e8s sa balade.<\/span><\/p>\n\n\n\n<p class=\"has-text-align-center\">\u25c6&nbsp;<strong><span style=\"text-decoration: underline;\">\u00c0 partir du 1er janvier 2026<\/span> : Franchise de TVA&nbsp;\u2013 TVA non applicable (art. 293B du CGI)<\/strong><\/p>\n\n\n\n<div class=\"wp-block-columns is-layout-flex wp-container-core-columns-is-layout-7d3a910c wp-block-columns-is-layout-flex\" style=\"padding-top:15px;padding-bottom:15px\">\n<div class=\"wp-block-column is-layout-flow wp-block-column-is-layout-flow\" style=\"flex-basis:100%\">\n<div class=\"wp-block-group is-layout-constrained wp-block-group-is-layout-constrained\">\n<div class=\"wp-block-columns is-layout-flex wp-container-core-columns-is-layout-28f84493 wp-block-columns-is-layout-flex\">\n<div class=\"wp-block-column has-border-color has-ast-global-color-1-border-color is-layout-constrained wp-block-column-is-layout-constrained\" style=\"border-width:2px;padding-bottom:var(--wp--preset--spacing--30);flex-basis:33.33%\">\n<h2 class=\"wp-block-heading has-text-align-center has-ast-global-color-5-color has-text-color has-background has-link-color wp-elements-4ef2a3f5fbce0796c808f4550026bf3f\" style=\"background-color:#4ca598\">30 Minutes<\/h2>\n\n\n\n<p class=\"has-text-align-center\"><strong>Forfait 10 Promenades<\/strong><\/p>\n\n\n\n<h2 class=\"wp-block-heading has-text-align-center has-text-color has-link-color wp-elements-8b442c7cf52ae7d54b25f16f98db0086\" style=\"color:#4ca598\">24 \u20ac<\/h2>\n\n\n\n<ul class=\"wp-block-list\">\n<li>Tarif pour 1 chien en semaine<\/li>\n\n\n\n<li>26\u20ac \u00e0 l&rsquo;unit\u00e9<\/li>\n<\/ul>\n\n\n\n<ul class=\"wp-block-list\">\n<li><strong>Pour<\/strong> <strong>2 chiens ou plus<\/strong>: <a href=\"https:\/\/petservicesparis.com\/index.php\/contact\/\">sur devis<\/a><\/li>\n<\/ul>\n<\/div>\n\n\n\n<div class=\"wp-block-column has-border-color has-ast-global-color-7-border-color is-layout-constrained wp-block-column-is-layout-constrained\" style=\"border-width:2px;padding-top:0;padding-bottom:var(--wp--preset--spacing--30);flex-basis:33.33%\">\n<h2 class=\"wp-block-heading has-text-align-center has-ast-global-color-5-color has-text-color has-background has-link-color wp-elements-a16c3a7e4bdbe4ce3084f3cd8fd0ecdf\" style=\"background-color:#4ca598\">45 Minutes<\/h2>\n\n\n\n<p class=\"has-text-align-center\"><strong><strong>Forfait 10 Promenades<\/strong><\/strong><\/p>\n\n\n\n<h2 class=\"wp-block-heading has-text-align-center has-text-color has-link-color wp-elements-cea9affcdb2872b4d9b9fd087f56bb81\" style=\"color:#4ca598\">29 \u20ac<\/h2>\n\n\n\n<ul class=\"wp-block-list\">\n<li>Tarif pour 1 chien en semaine<\/li>\n\n\n\n<li>32 \u20ac \u00e0 l&rsquo;unit\u00e9<\/li>\n<\/ul>\n\n\n\n<ul class=\"wp-block-list\">\n<li><strong>Pour<\/strong> <strong>2 chiens ou plus<\/strong>: <a href=\"https:\/\/petservicesparis.com\/index.php\/contact\/\">sur devis<\/a><\/li>\n<\/ul>\n<\/div>\n\n\n\n<div class=\"wp-block-column has-border-color has-ast-global-color-1-border-color is-layout-constrained wp-block-column-is-layout-constrained\" style=\"border-width:2px;padding-bottom:var(--wp--preset--spacing--30);flex-basis:33.33%\">\n<h2 class=\"wp-block-heading has-text-align-center has-ast-global-color-5-color has-text-color has-background has-link-color wp-elements-0762a25ecc038e8542de049b3cc7f94c\" style=\"background-color:#4ca598\">1 Heure<\/h2>\n\n\n\n<p class=\"has-text-align-center\"><strong><strong>Forfait 10 Promenades<\/strong><\/strong><\/p>\n\n\n\n<h2 class=\"wp-block-heading has-text-align-center has-text-color has-link-color wp-elements-8481043da76278fed8953524bfc6ca38\" style=\"color:#4ca598\">34 \u20ac<\/h2>\n\n\n\n<ul class=\"wp-block-list\">\n<li>Tarif pour 1 chien en semaine<\/li>\n\n\n\n<li>38 \u20ac \u00e0 l&rsquo;unit\u00e9<\/li>\n<\/ul>\n\n\n\n<ul class=\"wp-block-list\">\n<li><strong>Pour<\/strong> <strong>2 chiens ou plus<\/strong>: <a href=\"https:\/\/petservicesparis.com\/index.php\/contact\/\">sur devis<\/a><\/li>\n<\/ul>\n<\/div>\n<\/div>\n\n\n\n<ul style=\"padding-top:20px;padding-bottom:20px\" class=\"wp-block-list\">\n<li><span style=\"text-decoration: underline;\">Pr\u00e9-visite \u00e0 votre domicile<\/span> : 25\u20ac pour une premi\u00e8re rencontre (pr\u00e9sentation de votre compagnon, prise de connaissance des lieux, note des instructions &amp; r\u00e9cup\u00e9ration de vos clefs)<\/li>\n\n\n\n<li><span style=\"text-decoration: underline;\">Restitution de vos clefs en mains propre<\/span> : GRATUIT chez Pet Services ou remise dans votre bo\u00eete aux lettres ou 25 \u20ac en mains propres sur rdv<\/li>\n\n\n\n<li>Un compl\u00e9ment peut \u00eatre appliqu\u00e9 pour prendre en charge le trajet aller-retour en moyen de transport selon la distance et zone d\u2019intervention.<\/li>\n<\/ul>\n<\/div>\n<\/div>\n<\/div>\n\n\n<div class=\"wp-block-ub-divider ub_divider ub-divider-orientation-horizontal\" id=\"ub_divider_c7cd805a-6f55-434a-9fc4-47833f57435b\"><div class=\"ub_divider_wrapper\" style=\"position: relative; margin-bottom: 30px; width: 50%; height: 30px; \" data-divider-alignment=\"center\"><div class=\"ub_divider_line\" style=\"border-top: 2px solid var(--ast-global-color-1); margin-top: 30px; \"><\/div><\/div><\/div>\n\n\n<p class=\"has-text-align-center has-medium-font-size\">Pour des promenades en for\u00eat ou toute autre demande <a href=\"https:\/\/petservicesparis.com\/index.php\/contact\/\">Demandez un devis personnalis\u00e9<\/a><\/p>\n\n\n<div class=\"wp-block-ub-divider ub_divider ub-divider-orientation-horizontal\" id=\"ub_divider_881015c9-d9ef-4441-b8ea-ea14d1c0d323\"><div class=\"ub_divider_wrapper\" style=\"position: relative; margin-bottom: 30px; width: 50%; height: 30px; \" data-divider-alignment=\"center\"><div class=\"ub_divider_line\" style=\"border-top: 2px solid var(--ast-global-color-1); margin-top: 30px; \"><\/div><\/div><\/div>\n\n\n<ul class=\"wp-block-list\">\n<li>Un <span style=\"text-decoration: underline;\">acompte de 50 %<\/span> sera demand\u00e9 pour toutes prestations de services afin de s\u00e9curiser la prise en charge de votre animal des deux c\u00f4t\u00e9s.<\/li>\n\n\n\n<li>Les frais v\u00e9t\u00e9rinaires qui pourraient \u00eatre engag\u00e9s en cas d\u2019urgence pendant la garde de l\u2019animal devront \u00eatre rembours\u00e9s par son propri\u00e9taire d\u00e8s son retour.<\/li>\n\n\n\n<li>Pour plus d\u2019informations, consultez <a data-type=\"page\" data-id=\"2524\" href=\"https:\/\/petservicesparis.com\/index.php\/conditions-generales-de-ventes\/\" target=\"_blank\" rel=\"noreferrer noopener\">les Conditions G\u00e9n\u00e9rales de Vente <\/a><\/li>\n<\/ul>\n\n\n<div class=\"wp-block-ub-divider ub_divider ub-divider-orientation-horizontal\" id=\"ub_divider_2aa06124-64b7-4bd9-ac00-278bb086855a\"><div class=\"ub_divider_wrapper\" style=\"position: relative; margin-bottom: 30px; width: 50%; height: 30px; \" data-divider-alignment=\"center\"><div class=\"ub_divider_line\" style=\"border-top: 2px solid var(--ast-global-color-1); margin-top: 30px; \"><\/div><\/div><\/div>\n\n\n<h3 class=\"wp-block-heading has-text-align-center\"><strong><span style=\"text-decoration: underline;\">EN OPTION:<\/span>  <\/strong>Autres services \u00e0 la demande<\/h3>\n\n\n\n<figure class=\"wp-block-table aligncenter is-style-regular has-medium-font-size\" style=\"font-style:normal;font-weight:300\"><table class=\"has-border-color\" style=\"border-color:#4ca598;border-width:1px\"><tbody><tr><td class=\"has-text-align-left\" data-align=\"left\"><strong><span style=\"text-decoration: underline;\">Prestations<\/span><\/strong><\/td><td class=\"has-text-align-center\" data-align=\"center\"><strong>Prix<\/strong><\/td><\/tr><tr><td class=\"has-text-align-left\" data-align=\"left\">Soins m\u00e9dicaux &amp; Esth\u00e9tiques: prise de m\u00e9dicament, coupe de griffes, brossage &amp; d\u00e9m\u00ealage de poils<\/td><td class=\"has-text-align-center\" data-align=\"center\"><strong>5 \u20ac<\/strong> par prestation<\/td><\/tr><tr><td class=\"has-text-align-left\" data-align=\"left\">Gardiennage domicile: rel\u00e8ve courrier &amp; arrosage plantes selon instructions<\/td><td class=\"has-text-align-center\" data-align=\"center\"><strong>5 \u20ac<\/strong> <\/td><\/tr><tr><td class=\"has-text-align-left\" data-align=\"left\">Achat de produit alimentaire ou liti\u00e8re (hors courses \u00e0 rembourser sur facture)<\/td><td class=\"has-text-align-center\" data-align=\"center\"><strong>15 \u20ac<\/strong><\/td><\/tr><tr><td class=\"has-text-align-left\" data-align=\"left\">Emmener votre animal chez votre v\u00e9t\u00e9rinaire ou toiletteur<\/td><td class=\"has-text-align-center\" data-align=\"center\"><a href=\"https:\/\/petservicesparis.com\/index.php\/contact\/\">Sur  devis<\/a> 1<\/td><\/tr><tr><td class=\"has-text-align-left\" data-align=\"left\">Nettoyage oreilles et yeux (compresses st\u00e9riles et solution auriculaire\/oculaires)<\/td><td class=\"has-text-align-center\" data-align=\"center\"><strong>5 \u20ac<\/strong> <\/td><\/tr><tr><td class=\"has-text-align-left\" data-align=\"left\">Brossage de poils courts \u00e0 long (peigne double, brosses: d\u00e9m\u00ealante et massantes, shampoing sec)<\/td><td class=\"has-text-align-center\" data-align=\"center\"><a href=\"https:\/\/petservicesparis.com\/index.php\/contact\/\">Sur devis<\/a><\/td><\/tr><tr><td class=\"has-text-align-left\" data-align=\"left\">soins locaux: pommade, pansement.<\/td><td class=\"has-text-align-center\" data-align=\"center\"><a href=\"https:\/\/petservicesparis.com\/index.php\/contact\/\">Sur devis<\/a><\/td><\/tr><\/tbody><\/table><\/figure>\n","protected":false},"excerpt":{"rendered":"<p>Promenades de quartier Votre chien a besoin de promenades de qualit\u00e9, pas seulement de sorties express pour faire ses besoins. Mes balades sont individuelles et personnalis\u00e9es : votre chien avance \u00e0 son rythme, prend le temps de renifler, jouer, explorer.. ce qui lui pla\u00eet. C&rsquo;est son moment \u00e0 lui. Je viens le chercher directement \u00e0 [&hellip;]<\/p>\n","protected":false},"author":1,"featured_media":0,"parent":0,"menu_order":0,"comment_status":"closed","ping_status":"closed","template":"","meta":{"site-sidebar-layout":"default","site-content-layout":"","ast-site-content-layout":"default","site-content-style":"default","site-sidebar-style":"default","ast-global-header-display":"","ast-banner-title-visibility":"","ast-main-header-display":"","ast-hfb-above-header-display":"","ast-hfb-below-header-display":"","ast-hfb-mobile-header-display":"","site-post-title":"","ast-breadcrumbs-content":"","ast-featured-img":"","footer-sml-layout":"","ast-disable-related-posts":"","theme-transparent-header-meta":"","adv-header-id-meta":"","stick-header-meta":"","header-above-stick-meta":"","header-main-stick-meta":"","header-below-stick-meta":"","astra-migrate-meta-layouts":"set","ast-page-background-enabled":"default","ast-page-background-meta":{"desktop":{"background-color":"var(--ast-global-color-4)","background-image":"","background-repeat":"repeat","background-position":"center center","background-size":"auto","background-attachment":"scroll","background-type":"","background-media":"","overlay-type":"","overlay-color":"","overlay-opacity":"","overlay-gradient":""},"tablet":{"background-color":"","background-image":"","background-repeat":"repeat","background-position":"center center","background-size":"auto","background-attachment":"scroll","background-type":"","background-media":"","overlay-type":"","overlay-color":"","overlay-opacity":"","overlay-gradient":""},"mobile":{"background-color":"","background-image":"","background-repeat":"repeat","background-position":"center center","background-size":"auto","background-attachment":"scroll","background-type":"","background-media":"","overlay-type":"","overlay-color":"","overlay-opacity":"","overlay-gradient":""}},"ast-content-background-meta":{"desktop":{"background-color":"var(--ast-global-color-5)","background-image":"","background-repeat":"repeat","background-position":"center center","background-size":"auto","background-attachment":"scroll","background-type":"","background-media":"","overlay-type":"","overlay-color":"","overlay-opacity":"","overlay-gradient":""},"tablet":{"background-color":"var(--ast-global-color-5)","background-image":"","background-repeat":"repeat","background-position":"center center","background-size":"auto","background-attachment":"scroll","background-type":"","background-media":"","overlay-type":"","overlay-color":"","overlay-opacity":"","overlay-gradient":""},"mobile":{"background-color":"var(--ast-global-color-5)","background-image":"","background-repeat":"repeat","background-position":"center center","background-size":"auto","background-attachment":"scroll","background-type":"","background-media":"","overlay-type":"","overlay-color":"","overlay-opacity":"","overlay-gradient":""}},"_glsr_average":0,"_glsr_ranking":0,"_glsr_reviews":0,"footnotes":""},"class_list":["post-5315","page","type-page","status-publish","hentry"],"featured_image_src":null,"yoast_head":"<!-- This site is optimized with the Yoast SEO plugin v26.9 - https:\/\/yoast.com\/product\/yoast-seo-wordpress\/ -->\n<title>TARIFS CHIENS 2026 \/ promenades de quartier - petservicesparis<\/title>\n<meta name=\"robots\" content=\"index, follow, max-snippet:-1, max-image-preview:large, max-video-preview:-1\" \/>\n<link rel=\"canonical\" href=\"https:\/\/petservicesparis.com\/index.php\/tarifs-chiens-2025-promenades-de-quartier\/\" \/>\n<meta property=\"og:locale\" content=\"fr_FR\" \/>\n<meta property=\"og:type\" content=\"article\" \/>\n<meta property=\"og:title\" content=\"TARIFS CHIENS 2026 \/ promenades de quartier - petservicesparis\" \/>\n<meta property=\"og:description\" content=\"Promenades de quartier Votre chien a besoin de promenades de qualit\u00e9, pas seulement de sorties express pour faire ses besoins. Mes balades sont individuelles et personnalis\u00e9es : votre chien avance \u00e0 son rythme, prend le temps de renifler, jouer, explorer.. ce qui lui pla\u00eet. C&rsquo;est son moment \u00e0 lui. Je viens le chercher directement \u00e0 [&hellip;]\" \/>\n<meta property=\"og:url\" content=\"https:\/\/petservicesparis.com\/index.php\/tarifs-chiens-2025-promenades-de-quartier\/\" \/>\n<meta property=\"og:site_name\" content=\"petservicesparis\" \/>\n<meta property=\"article:modified_time\" content=\"2026-03-20T12:34:39+00:00\" \/>\n<meta property=\"og:image\" content=\"https:\/\/petservicesparis.com\/wp-content\/uploads\/2023\/07\/IMG_5895-1-scaled.jpeg\" \/>\n\t<meta property=\"og:image:width\" content=\"2560\" \/>\n\t<meta property=\"og:image:height\" content=\"2017\" \/>\n\t<meta property=\"og:image:type\" content=\"image\/jpeg\" \/>\n<meta name=\"twitter:card\" content=\"summary_large_image\" \/>\n<meta name=\"twitter:label1\" content=\"Dur\u00e9e de lecture estim\u00e9e\" \/>\n\t<meta name=\"twitter:data1\" content=\"3 minutes\" \/>\n<script type=\"application\/ld+json\" class=\"yoast-schema-graph\">{\"@context\":\"https:\/\/schema.org\",\"@graph\":[{\"@type\":\"WebPage\",\"@id\":\"https:\/\/petservicesparis.com\/index.php\/tarifs-chiens-2025-promenades-de-quartier\/\",\"url\":\"https:\/\/petservicesparis.com\/index.php\/tarifs-chiens-2025-promenades-de-quartier\/\",\"name\":\"TARIFS CHIENS 2026 \/ promenades de quartier - petservicesparis\",\"isPartOf\":{\"@id\":\"https:\/\/petservicesparis.com\/#website\"},\"primaryImageOfPage\":{\"@id\":\"https:\/\/petservicesparis.com\/index.php\/tarifs-chiens-2025-promenades-de-quartier\/#primaryimage\"},\"image\":{\"@id\":\"https:\/\/petservicesparis.com\/index.php\/tarifs-chiens-2025-promenades-de-quartier\/#primaryimage\"},\"thumbnailUrl\":\"https:\/\/petservicesparis.com\/wp-content\/uploads\/2023\/07\/IMG_5895-1-1024x807.jpeg\",\"datePublished\":\"2024-03-16T05:55:04+00:00\",\"dateModified\":\"2026-03-20T12:34:39+00:00\",\"breadcrumb\":{\"@id\":\"https:\/\/petservicesparis.com\/index.php\/tarifs-chiens-2025-promenades-de-quartier\/#breadcrumb\"},\"inLanguage\":\"fr-FR\",\"potentialAction\":[{\"@type\":\"ReadAction\",\"target\":[\"https:\/\/petservicesparis.com\/index.php\/tarifs-chiens-2025-promenades-de-quartier\/\"]}]},{\"@type\":\"ImageObject\",\"inLanguage\":\"fr-FR\",\"@id\":\"https:\/\/petservicesparis.com\/index.php\/tarifs-chiens-2025-promenades-de-quartier\/#primaryimage\",\"url\":\"https:\/\/petservicesparis.com\/wp-content\/uploads\/2023\/07\/IMG_5895-1-scaled.jpeg\",\"contentUrl\":\"https:\/\/petservicesparis.com\/wp-content\/uploads\/2023\/07\/IMG_5895-1-scaled.jpeg\",\"width\":2560,\"height\":2017},{\"@type\":\"BreadcrumbList\",\"@id\":\"https:\/\/petservicesparis.com\/index.php\/tarifs-chiens-2025-promenades-de-quartier\/#breadcrumb\",\"itemListElement\":[{\"@type\":\"ListItem\",\"position\":1,\"name\":\"Accueil\",\"item\":\"https:\/\/petservicesparis.com\/\"},{\"@type\":\"ListItem\",\"position\":2,\"name\":\"TARIFS CHIENS 2026 \/ promenades de quartier\"}]},{\"@type\":\"WebSite\",\"@id\":\"https:\/\/petservicesparis.com\/#website\",\"url\":\"https:\/\/petservicesparis.com\/\",\"name\":\"petservicesparis\",\"description\":\"garde animaux pension pour chats chiens et nac paris 14\",\"publisher\":{\"@id\":\"https:\/\/petservicesparis.com\/#organization\"},\"potentialAction\":[{\"@type\":\"SearchAction\",\"target\":{\"@type\":\"EntryPoint\",\"urlTemplate\":\"https:\/\/petservicesparis.com\/?s={search_term_string}\"},\"query-input\":{\"@type\":\"PropertyValueSpecification\",\"valueRequired\":true,\"valueName\":\"search_term_string\"}}],\"inLanguage\":\"fr-FR\"},{\"@type\":\"Organization\",\"@id\":\"https:\/\/petservicesparis.com\/#organization\",\"name\":\"petservicesparis\",\"url\":\"https:\/\/petservicesparis.com\/\",\"logo\":{\"@type\":\"ImageObject\",\"inLanguage\":\"fr-FR\",\"@id\":\"https:\/\/petservicesparis.com\/#\/schema\/logo\/image\/\",\"url\":\"https:\/\/petservicesparis.com\/wp-content\/uploads\/2023\/07\/cropped-logo-vert-sans-back.png\",\"contentUrl\":\"https:\/\/petservicesparis.com\/wp-content\/uploads\/2023\/07\/cropped-logo-vert-sans-back.png\",\"width\":1080,\"height\":160,\"caption\":\"petservicesparis\"},\"image\":{\"@id\":\"https:\/\/petservicesparis.com\/#\/schema\/logo\/image\/\"}}]}<\/script>\n<!-- \/ Yoast SEO plugin. -->","yoast_head_json":{"title":"TARIFS CHIENS 2026 \/ promenades de quartier - petservicesparis","robots":{"index":"index","follow":"follow","max-snippet":"max-snippet:-1","max-image-preview":"max-image-preview:large","max-video-preview":"max-video-preview:-1"},"canonical":"https:\/\/petservicesparis.com\/index.php\/tarifs-chiens-2025-promenades-de-quartier\/","og_locale":"fr_FR","og_type":"article","og_title":"TARIFS CHIENS 2026 \/ promenades de quartier - petservicesparis","og_description":"Promenades de quartier Votre chien a besoin de promenades de qualit\u00e9, pas seulement de sorties express pour faire ses besoins. Mes balades sont individuelles et personnalis\u00e9es : votre chien avance \u00e0 son rythme, prend le temps de renifler, jouer, explorer.. ce qui lui pla\u00eet. C&rsquo;est son moment \u00e0 lui. Je viens le chercher directement \u00e0 [&hellip;]","og_url":"https:\/\/petservicesparis.com\/index.php\/tarifs-chiens-2025-promenades-de-quartier\/","og_site_name":"petservicesparis","article_modified_time":"2026-03-20T12:34:39+00:00","og_image":[{"width":2560,"height":2017,"url":"https:\/\/petservicesparis.com\/wp-content\/uploads\/2023\/07\/IMG_5895-1-scaled.jpeg","type":"image\/jpeg"}],"twitter_card":"summary_large_image","twitter_misc":{"Dur\u00e9e de lecture estim\u00e9e":"3 minutes"},"schema":{"@context":"https:\/\/schema.org","@graph":[{"@type":"WebPage","@id":"https:\/\/petservicesparis.com\/index.php\/tarifs-chiens-2025-promenades-de-quartier\/","url":"https:\/\/petservicesparis.com\/index.php\/tarifs-chiens-2025-promenades-de-quartier\/","name":"TARIFS CHIENS 2026 \/ promenades de quartier - petservicesparis","isPartOf":{"@id":"https:\/\/petservicesparis.com\/#website"},"primaryImageOfPage":{"@id":"https:\/\/petservicesparis.com\/index.php\/tarifs-chiens-2025-promenades-de-quartier\/#primaryimage"},"image":{"@id":"https:\/\/petservicesparis.com\/index.php\/tarifs-chiens-2025-promenades-de-quartier\/#primaryimage"},"thumbnailUrl":"https:\/\/petservicesparis.com\/wp-content\/uploads\/2023\/07\/IMG_5895-1-1024x807.jpeg","datePublished":"2024-03-16T05:55:04+00:00","dateModified":"2026-03-20T12:34:39+00:00","breadcrumb":{"@id":"https:\/\/petservicesparis.com\/index.php\/tarifs-chiens-2025-promenades-de-quartier\/#breadcrumb"},"inLanguage":"fr-FR","potentialAction":[{"@type":"ReadAction","target":["https:\/\/petservicesparis.com\/index.php\/tarifs-chiens-2025-promenades-de-quartier\/"]}]},{"@type":"ImageObject","inLanguage":"fr-FR","@id":"https:\/\/petservicesparis.com\/index.php\/tarifs-chiens-2025-promenades-de-quartier\/#primaryimage","url":"https:\/\/petservicesparis.com\/wp-content\/uploads\/2023\/07\/IMG_5895-1-scaled.jpeg","contentUrl":"https:\/\/petservicesparis.com\/wp-content\/uploads\/2023\/07\/IMG_5895-1-scaled.jpeg","width":2560,"height":2017},{"@type":"BreadcrumbList","@id":"https:\/\/petservicesparis.com\/index.php\/tarifs-chiens-2025-promenades-de-quartier\/#breadcrumb","itemListElement":[{"@type":"ListItem","position":1,"name":"Accueil","item":"https:\/\/petservicesparis.com\/"},{"@type":"ListItem","position":2,"name":"TARIFS CHIENS 2026 \/ promenades de quartier"}]},{"@type":"WebSite","@id":"https:\/\/petservicesparis.com\/#website","url":"https:\/\/petservicesparis.com\/","name":"petservicesparis","description":"garde animaux pension pour chats chiens et nac paris 14","publisher":{"@id":"https:\/\/petservicesparis.com\/#organization"},"potentialAction":[{"@type":"SearchAction","target":{"@type":"EntryPoint","urlTemplate":"https:\/\/petservicesparis.com\/?s={search_term_string}"},"query-input":{"@type":"PropertyValueSpecification","valueRequired":true,"valueName":"search_term_string"}}],"inLanguage":"fr-FR"},{"@type":"Organization","@id":"https:\/\/petservicesparis.com\/#organization","name":"petservicesparis","url":"https:\/\/petservicesparis.com\/","logo":{"@type":"ImageObject","inLanguage":"fr-FR","@id":"https:\/\/petservicesparis.com\/#\/schema\/logo\/image\/","url":"https:\/\/petservicesparis.com\/wp-content\/uploads\/2023\/07\/cropped-logo-vert-sans-back.png","contentUrl":"https:\/\/petservicesparis.com\/wp-content\/uploads\/2023\/07\/cropped-logo-vert-sans-back.png","width":1080,"height":160,"caption":"petservicesparis"},"image":{"@id":"https:\/\/petservicesparis.com\/#\/schema\/logo\/image\/"}}]}},"_links":{"self":[{"href":"https:\/\/petservicesparis.com\/index.php\/wp-json\/wp\/v2\/pages\/5315","targetHints":{"allow":["GET"]}}],"collection":[{"href":"https:\/\/petservicesparis.com\/index.php\/wp-json\/wp\/v2\/pages"}],"about":[{"href":"https:\/\/petservicesparis.com\/index.php\/wp-json\/wp\/v2\/types\/page"}],"author":[{"embeddable":true,"href":"https:\/\/petservicesparis.com\/index.php\/wp-json\/wp\/v2\/users\/1"}],"replies":[{"embeddable":true,"href":"https:\/\/petservicesparis.com\/index.php\/wp-json\/wp\/v2\/comments?post=5315"}],"version-history":[{"count":51,"href":"https:\/\/petservicesparis.com\/index.php\/wp-json\/wp\/v2\/pages\/5315\/revisions"}],"predecessor-version":[{"id":5996,"href":"https:\/\/petservicesparis.com\/index.php\/wp-json\/wp\/v2\/pages\/5315\/revisions\/5996"}],"wp:attachment":[{"href":"https:\/\/petservicesparis.com\/index.php\/wp-json\/wp\/v2\/media?parent=5315"}],"curies":[{"name":"wp","href":"https:\/\/api.w.org\/{rel}","templated":true}]}}