{"id":5711,"date":"2025-03-11T09:55:38","date_gmt":"2025-03-11T08:55:38","guid":{"rendered":"https:\/\/petservicesparis.com\/?page_id=5711"},"modified":"2026-04-13T16:49:58","modified_gmt":"2026-04-13T14:49:58","slug":"tarifs-chiens-2025-garde-en-pension-sans-nuitee","status":"publish","type":"page","link":"https:\/\/petservicesparis.com\/index.php\/tarifs-chiens-2025-garde-en-pension-sans-nuitee\/","title":{"rendered":"TARIFS CHIENS 2026 \/ garde en pension SANS nuit\u00e9e"},"content":{"rendered":"\n<figure class=\"wp-block-image aligncenter size-large is-resized is-style-rounded\"><img loading=\"lazy\" decoding=\"async\" width=\"1024\" height=\"807\" src=\"https:\/\/petservicesparis.com\/wp-content\/uploads\/2023\/07\/IMG_5895-1-1024x807.jpeg\" alt=\"\" class=\"wp-image-4052\" style=\"width:150px;height:150px\" srcset=\"https:\/\/petservicesparis.com\/wp-content\/uploads\/2023\/07\/IMG_5895-1-1024x807.jpeg 1024w, https:\/\/petservicesparis.com\/wp-content\/uploads\/2023\/07\/IMG_5895-1-300x236.jpeg 300w, https:\/\/petservicesparis.com\/wp-content\/uploads\/2023\/07\/IMG_5895-1-768x605.jpeg 768w, https:\/\/petservicesparis.com\/wp-content\/uploads\/2023\/07\/IMG_5895-1-1536x1210.jpeg 1536w, https:\/\/petservicesparis.com\/wp-content\/uploads\/2023\/07\/IMG_5895-1-2048x1613.jpeg 2048w\" sizes=\"auto, (max-width: 1024px) 100vw, 1024px\" \/><\/figure>\n\n\n\n<p class=\"has-text-align-center\"><strong>Tarif pour 1 chien &#8211; nourriture \u00e0 fournir<\/strong> <\/p>\n\n\n\n<p class=\"has-text-align-center\" style=\"padding-right:10%;padding-left:10%\">Une <strong>Pr\u00e9-visite est indispensable<\/strong> pour tout nouveau client afin de recueillir des informations n\u00e9cessaires au bon d\u00e9roulement du s\u00e9jour de votre chien, rencontre et prise de connaissance avec l\u2019animal et d\u00e9couverte de la pension. Sa dur\u00e9e est entre 30 minutes et 1h : <strong><span style=\"text-decoration: underline;\">25 \u20ac <\/span><\/strong><\/p>\n\n\n\n<p class=\"has-text-align-center\">Pr\u00e9sence d&rsquo;un chat et \u00e9ventuel autre animal (s\u00e9paration possible). Plus d&rsquo;information sur les installations rubrique : <a href=\"\/index.php\/pension\/\">Services: Pension<\/a>.<\/p>\n\n\n\n<p class=\"has-text-align-center\">\u25c6 <strong>\u00c0 partir du 1er janvier 2026 : Franchise de TVA &#8211; TVA non applicable (art. 293B du CGI)<\/strong><\/p>\n\n\n\n<p class=\"has-text-align-center\"><strong><span style=\"text-decoration: underline;\">Horaire d&rsquo;accueil<\/span> : \u00e0 partir de 8H30 \/ <span style=\"text-decoration: underline;\">Horaire de r\u00e9cup\u00e9ration<\/span> : avant 19H.<\/strong><\/p>\n\n\n\n<p class=\"has-text-align-center\"><strong>Tout d\u00e9passement de ces horaires entra\u00eene un suppl\u00e9ment de <span style=\"text-decoration: underline;\">10\u20ac par heure entam\u00e9e<\/span>.<\/strong><\/p>\n\n\n\n<div class=\"wp-block-group is-layout-constrained wp-block-group-is-layout-constrained\">\n<div class=\"wp-block-columns is-layout-flex wp-container-core-columns-is-layout-c1a430be wp-block-columns-is-layout-flex\">\n<div class=\"wp-block-column has-border-color has-ast-global-color-1-border-color is-content-justification-center is-layout-constrained wp-container-core-column-is-layout-69831eb4 wp-block-column-is-layout-constrained\" style=\"border-width:2px;padding-top:0;padding-bottom:0;flex-basis:50%\">\n<h4 class=\"wp-block-heading has-text-align-center has-ast-global-color-5-color has-text-color has-background has-link-color wp-elements-230aae7dc096665d6f049eff1037e762\" id=\"1-prestation\" style=\"background-color:#4ca598;margin-top:0px;margin-bottom:0px\">PRESTATION<\/h4>\n\n\n\n<h3 class=\"wp-block-heading has-text-align-left has-ast-global-color-2-color has-ast-global-color-6-background-color has-text-color has-background has-link-color wp-elements-921d71d45b34978ac1a62eb9f51d74c3\" id=\"4-demi-journ%C3%A9e\" style=\"margin-top:0px;margin-bottom:0px;padding-top:20px;padding-bottom:20px;padding-left:20px;line-height:1.6\">Demi-journ\u00e9e<\/h3>\n\n\n\n<h3 class=\"wp-block-heading has-text-align-left has-ast-global-color-2-color has-text-color has-link-color wp-elements-a5e0d448f815544c9654abf13ea66b45\" id=\"4-demi-journ%C3%A9e\" style=\"margin-top:0;margin-bottom:0;padding-top:20px;padding-bottom:20px;padding-left:20px;line-height:1.6\">Journ\u00e9e compl\u00e8te<\/h3>\n\n\n\n<h3 class=\"wp-block-heading has-text-align-left has-ast-global-color-2-color has-ast-global-color-6-background-color has-text-color has-background has-link-color wp-elements-1c1fcc6b24514c72b26aa9448498c11a\" id=\"4-demi-journ%C3%A9e\" style=\"margin-top:0px;margin-bottom:0px;padding-top:20px;padding-bottom:20px;padding-left:20px;line-height:1.6\">Soir\u00e9e<\/h3>\n<\/div>\n\n\n\n<div class=\"wp-block-column has-border-color has-ast-global-color-1-border-color is-layout-constrained wp-container-core-column-is-layout-94207e0b wp-block-column-is-layout-constrained\" style=\"border-width:2px;padding-top:0;padding-bottom:0;flex-basis:50%\">\n<h4 class=\"wp-block-heading has-text-align-center has-ast-global-color-5-color has-text-color has-background has-link-color wp-elements-01df9e14d4c56cdba62f253ee1986b45\" id=\"5-basse-saison-\" style=\"background-color:#4ca598;margin-top:0px;margin-bottom:0px\">BASSE SAISON   <\/h4>\n\n\n\n<h2 class=\"wp-block-heading has-text-align-center has-ast-global-color-6-background-color has-text-color has-background has-link-color wp-elements-8397b088dd5ffba6261ebe356f1aa9b5\" id=\"6-30-%E2%82%AC-ttc-\" style=\"color:#4ca598;margin-top:0px;margin-bottom:0px;padding-top:20px;padding-bottom:20px\">25 \u20ac<\/h2>\n\n\n\n<h2 class=\"wp-block-heading has-text-align-center has-ast-global-color-5-background-color has-text-color has-background has-link-color wp-elements-b843d7aba64d3f33acffb0dfbfd98225\" id=\"6-30-%E2%82%AC-ttc-\" style=\"color:#4ca598;margin-top:0px;margin-bottom:0px;padding-top:20px;padding-bottom:20px\">45 \u20ac<\/h2>\n\n\n\n<h2 class=\"wp-block-heading has-text-align-center has-ast-global-color-6-background-color has-text-color has-background has-link-color wp-elements-d0e93000d87d4659a7e5b6c3ec711759\" id=\"6-30-%E2%82%AC-ttc-\" style=\"color:#4ca598;margin-top:0px;margin-bottom:0px;padding-top:20px;padding-bottom:20px\">30 \u20ac<\/h2>\n\n\n\n<div style=\"height:0px\" aria-hidden=\"true\" class=\"wp-block-spacer\"><\/div>\n\n\n\n<div style=\"height:0px\" aria-hidden=\"true\" class=\"wp-block-spacer\"><\/div>\n<\/div>\n\n\n\n<div class=\"wp-block-column has-border-color has-ast-global-color-1-border-color is-layout-constrained wp-container-core-column-is-layout-89db797f wp-block-column-is-layout-constrained\" style=\"border-width:2px;padding-bottom:0;flex-basis:50%\">\n<h4 class=\"wp-block-heading has-text-align-center has-ast-global-color-5-color has-text-color has-background has-link-color wp-elements-3d9f0e2425663f9bec1d6a1833f5057a\" id=\"9-haute-saison-\" style=\"background-color:#4ca598;margin-top:0px;margin-bottom:0px\">HAUTE SAISON *<\/h4>\n\n\n\n<h2 class=\"wp-block-heading has-text-align-center has-ast-global-color-6-background-color has-text-color has-background has-link-color wp-elements-d0e93000d87d4659a7e5b6c3ec711759\" id=\"6-30-%E2%82%AC-ttc-\" style=\"color:#4ca598;margin-top:0px;margin-bottom:0px;padding-top:20px;padding-bottom:20px\">30 \u20ac<\/h2>\n\n\n\n<h2 class=\"wp-block-heading has-text-align-center has-ast-global-color-5-background-color has-text-color has-background has-link-color wp-elements-5cf0fd63e3bef0ee0cbf69d82851eaa5\" id=\"6-30-%E2%82%AC-ttc-\" style=\"color:#4ca598;margin-top:0px;margin-bottom:0px;padding-top:20px;padding-bottom:20px\">50 \u20ac<\/h2>\n\n\n\n<h2 class=\"wp-block-heading has-text-align-center has-ast-global-color-6-background-color has-text-color has-background has-link-color wp-elements-9113311a4466d100de279587e95d2237\" id=\"6-30-%E2%82%AC-ttc-\" style=\"color:#4ca598;margin-top:0px;margin-bottom:0px;padding-top:20px;padding-bottom:20px\">35 \u20ac<\/h2>\n<\/div>\n<\/div>\n<\/div>\n\n\n\n<h3 class=\"wp-block-heading has-text-align-center\">Suppl\u00e9ments<\/h3>\n\n\n\n<p class=\"has-text-align-center\" style=\"font-size:20px\">Samedi : +<strong>5 \u20ac<\/strong> \/ Dimanche et jours f\u00e9ri\u00e9s** : <strong>+10 \u20ac<\/strong> \/ Soir\u00e9e <span style=\"text-decoration: underline;\">avec une nuit:<\/span> <strong>+10 \u20ac<\/strong>  \/ Chiot ou chien malpropre : <strong>+10 \u20ac<\/strong> <\/p>\n\n\n\n<p><\/p>\n\n\n\n<p class=\"has-text-align-center\" style=\"font-size:16px\"><strong>**<\/strong> <span style=\"text-decoration: underline;\"><strong>Jours F\u00e9ri\u00e9s*:<\/strong><\/span> 1er Janvier, Lundi de P\u00e2ques (6 Avril), 1er, 8 Mai, Lundi de Pentec\u00f4te 25 Mai, 14 Juillet,15 Ao\u00fbt, 1er et 11 Novembre, 24, 25 et 31 D\u00e9cembre.<\/p>\n\n\n<div class=\"wp-block-ub-divider ub_divider ub-divider-orientation-horizontal\" id=\"ub_divider_20541ac9-cc48-443d-9d58-196ee1d0fe69\"><div class=\"ub_divider_wrapper\" style=\"position: relative; margin-bottom: 20px; width: 50%; height: 20px; \" data-divider-alignment=\"center\"><div class=\"ub_divider_line\" style=\"border-top: 2px solid var(--ast-global-color-1); margin-top: 20px; \"><\/div><\/div><\/div>\n\n\n<h3 class=\"wp-block-heading has-text-align-center\">* Dates Haute Saison 2026<\/h3>\n\n\n\n<ul class=\"wp-block-list\">\n<li><strong>Hiver<\/strong> : du Vendredi 20 F\u00e9vrier au Lundi 9 Mars inclus<\/li>\n\n\n\n<li><strong>Printemps <\/strong>:&nbsp; du Vendredi 17 Avril au Lundi 4 Mai inclus&nbsp;<\/li>\n\n\n\n<li><strong>Ponts de Mai <\/strong>: du Mardi 5 Mai au Mardi 26 Mai inclus&nbsp;<\/li>\n\n\n\n<li><strong>\u00c9t\u00e9<\/strong> : du Vendredi 19 Juin au Dimanche 13 Septembre inclus<\/li>\n\n\n\n<li><strong>Novembre<\/strong>:&nbsp; du Jeudi 15 Octobre&nbsp; au Dimanche 15 Novembre inclus<\/li>\n\n\n\n<li><strong>No\u00ebl<\/strong> : du Vendredi 11 D\u00e9cembre au Vendredi 15 janvier inclus<\/li>\n<\/ul>\n\n\n<div class=\"wp-block-ub-divider ub_divider ub-divider-orientation-horizontal\" id=\"ub_divider_c018057a-7f15-4206-8c26-18808ca8b585\"><div class=\"ub_divider_wrapper\" style=\"position: relative; margin-bottom: 30px; width: 50%; height: 30px; \" data-divider-alignment=\"center\"><div class=\"ub_divider_line\" style=\"border-top: 2px solid var(--ast-global-color-1); margin-top: 30px; \"><\/div><\/div><\/div>\n\n\n<h3 class=\"wp-block-heading has-text-align-center\">En option<\/h3>\n\n\n\n<ul class=\"wp-block-list\">\n<li>Soins m\u00e9dicaux &amp; Esth\u00e9tiques<\/li>\n<\/ul>\n\n\n<div class=\"wp-block-ub-divider ub_divider ub-divider-orientation-horizontal\" id=\"ub_divider_d80be0b0-ca7c-46d7-8086-8154c8883b51\"><div class=\"ub_divider_wrapper\" style=\"position: relative; margin-bottom: 30px; width: 50%; height: 30px; \" data-divider-alignment=\"center\"><div class=\"ub_divider_line\" style=\"border-top: 2px solid var(--ast-global-color-1); margin-top: 30px; \"><\/div><\/div><\/div>\n\n\n<ul class=\"wp-block-list\">\n<li>Un acompte de 50 % sera demand\u00e9 pour toutes prestations de services afin de s\u00e9curiser la garde de votre animal des deux c\u00f4t\u00e9s.<\/li>\n\n\n\n<li>Les frais v\u00e9t\u00e9rinaires qui pourraient \u00eatre engag\u00e9s en cas d\u2019urgence pendant la garde de l\u2019animal devront \u00eatre rembours\u00e9s par son propri\u00e9taire d\u00e8s son retour.<\/li>\n\n\n\n<li>Pour plus d\u2019informations, consultez <a data-type=\"page\" data-id=\"2524\" href=\"https:\/\/petservicesparis.com\/index.php\/conditions-generales-de-ventes\/\" target=\"_blank\" rel=\"noreferrer noopener\">les Conditions G\u00e9n\u00e9rales de Vente <\/a><\/li>\n<\/ul>\n\n\n\n<p><\/p>\n","protected":false},"excerpt":{"rendered":"<p>Tarif pour 1 chien &#8211; nourriture \u00e0 fournir Une Pr\u00e9-visite est indispensable pour tout nouveau client afin de recueillir des informations n\u00e9cessaires au bon d\u00e9roulement du s\u00e9jour de votre chien, rencontre et prise de connaissance avec l\u2019animal et d\u00e9couverte de la pension. Sa dur\u00e9e est entre 30 minutes et 1h : 25 \u20ac Pr\u00e9sence d&rsquo;un [&hellip;]<\/p>\n","protected":false},"author":5,"featured_media":0,"parent":0,"menu_order":0,"comment_status":"closed","ping_status":"closed","template":"","meta":{"site-sidebar-layout":"default","site-content-layout":"","ast-site-content-layout":"default","site-content-style":"default","site-sidebar-style":"default","ast-global-header-display":"","ast-banner-title-visibility":"","ast-main-header-display":"","ast-hfb-above-header-display":"","ast-hfb-below-header-display":"","ast-hfb-mobile-header-display":"","site-post-title":"","ast-breadcrumbs-content":"","ast-featured-img":"","footer-sml-layout":"","ast-disable-related-posts":"","theme-transparent-header-meta":"","adv-header-id-meta":"","stick-header-meta":"","header-above-stick-meta":"","header-main-stick-meta":"","header-below-stick-meta":"","astra-migrate-meta-layouts":"set","ast-page-background-enabled":"default","ast-page-background-meta":{"desktop":{"background-color":"var(--ast-global-color-4)","background-image":"","background-repeat":"repeat","background-position":"center center","background-size":"auto","background-attachment":"scroll","background-type":"","background-media":"","overlay-type":"","overlay-color":"","overlay-opacity":"","overlay-gradient":""},"tablet":{"background-color":"","background-image":"","background-repeat":"repeat","background-position":"center center","background-size":"auto","background-attachment":"scroll","background-type":"","background-media":"","overlay-type":"","overlay-color":"","overlay-opacity":"","overlay-gradient":""},"mobile":{"background-color":"","background-image":"","background-repeat":"repeat","background-position":"center center","background-size":"auto","background-attachment":"scroll","background-type":"","background-media":"","overlay-type":"","overlay-color":"","overlay-opacity":"","overlay-gradient":""}},"ast-content-background-meta":{"desktop":{"background-color":"var(--ast-global-color-5)","background-image":"","background-repeat":"repeat","background-position":"center center","background-size":"auto","background-attachment":"scroll","background-type":"","background-media":"","overlay-type":"","overlay-color":"","overlay-opacity":"","overlay-gradient":""},"tablet":{"background-color":"var(--ast-global-color-5)","background-image":"","background-repeat":"repeat","background-position":"center center","background-size":"auto","background-attachment":"scroll","background-type":"","background-media":"","overlay-type":"","overlay-color":"","overlay-opacity":"","overlay-gradient":""},"mobile":{"background-color":"var(--ast-global-color-5)","background-image":"","background-repeat":"repeat","background-position":"center center","background-size":"auto","background-attachment":"scroll","background-type":"","background-media":"","overlay-type":"","overlay-color":"","overlay-opacity":"","overlay-gradient":""}},"_glsr_average":0,"_glsr_ranking":0,"_glsr_reviews":0,"footnotes":""},"class_list":["post-5711","page","type-page","status-publish","hentry"],"featured_image_src":null,"yoast_head":"<!-- This site is optimized with the Yoast SEO plugin v26.9 - https:\/\/yoast.com\/product\/yoast-seo-wordpress\/ -->\n<title>TARIFS CHIENS 2026 \/ garde en pension SANS nuit\u00e9e - petservicesparis<\/title>\n<meta name=\"robots\" content=\"index, follow, max-snippet:-1, max-image-preview:large, max-video-preview:-1\" \/>\n<link rel=\"canonical\" href=\"https:\/\/petservicesparis.com\/index.php\/tarifs-chiens-2025-garde-en-pension-sans-nuitee\/\" \/>\n<meta property=\"og:locale\" content=\"fr_FR\" \/>\n<meta property=\"og:type\" content=\"article\" \/>\n<meta property=\"og:title\" content=\"TARIFS CHIENS 2026 \/ garde en pension SANS nuit\u00e9e - petservicesparis\" \/>\n<meta property=\"og:description\" content=\"Tarif pour 1 chien &#8211; nourriture \u00e0 fournir Une Pr\u00e9-visite est indispensable pour tout nouveau client afin de recueillir des informations n\u00e9cessaires au bon d\u00e9roulement du s\u00e9jour de votre chien, rencontre et prise de connaissance avec l\u2019animal et d\u00e9couverte de la pension. Sa dur\u00e9e est entre 30 minutes et 1h : 25 \u20ac Pr\u00e9sence d&rsquo;un [&hellip;]\" \/>\n<meta property=\"og:url\" content=\"https:\/\/petservicesparis.com\/index.php\/tarifs-chiens-2025-garde-en-pension-sans-nuitee\/\" \/>\n<meta property=\"og:site_name\" content=\"petservicesparis\" \/>\n<meta property=\"article:modified_time\" content=\"2026-04-13T14:49:58+00:00\" \/>\n<meta property=\"og:image\" content=\"https:\/\/petservicesparis.com\/wp-content\/uploads\/2023\/07\/IMG_5895-1-scaled.jpeg\" \/>\n\t<meta property=\"og:image:width\" content=\"2560\" \/>\n\t<meta property=\"og:image:height\" content=\"2017\" \/>\n\t<meta property=\"og:image:type\" content=\"image\/jpeg\" \/>\n<meta name=\"twitter:card\" content=\"summary_large_image\" \/>\n<meta name=\"twitter:label1\" content=\"Dur\u00e9e de lecture estim\u00e9e\" \/>\n\t<meta name=\"twitter:data1\" content=\"2 minutes\" \/>\n<script type=\"application\/ld+json\" class=\"yoast-schema-graph\">{\"@context\":\"https:\/\/schema.org\",\"@graph\":[{\"@type\":\"WebPage\",\"@id\":\"https:\/\/petservicesparis.com\/index.php\/tarifs-chiens-2025-garde-en-pension-sans-nuitee\/\",\"url\":\"https:\/\/petservicesparis.com\/index.php\/tarifs-chiens-2025-garde-en-pension-sans-nuitee\/\",\"name\":\"TARIFS CHIENS 2026 \/ garde en pension SANS nuit\u00e9e - petservicesparis\",\"isPartOf\":{\"@id\":\"https:\/\/petservicesparis.com\/#website\"},\"primaryImageOfPage\":{\"@id\":\"https:\/\/petservicesparis.com\/index.php\/tarifs-chiens-2025-garde-en-pension-sans-nuitee\/#primaryimage\"},\"image\":{\"@id\":\"https:\/\/petservicesparis.com\/index.php\/tarifs-chiens-2025-garde-en-pension-sans-nuitee\/#primaryimage\"},\"thumbnailUrl\":\"https:\/\/petservicesparis.com\/wp-content\/uploads\/2023\/07\/IMG_5895-1-1024x807.jpeg\",\"datePublished\":\"2025-03-11T08:55:38+00:00\",\"dateModified\":\"2026-04-13T14:49:58+00:00\",\"breadcrumb\":{\"@id\":\"https:\/\/petservicesparis.com\/index.php\/tarifs-chiens-2025-garde-en-pension-sans-nuitee\/#breadcrumb\"},\"inLanguage\":\"fr-FR\",\"potentialAction\":[{\"@type\":\"ReadAction\",\"target\":[\"https:\/\/petservicesparis.com\/index.php\/tarifs-chiens-2025-garde-en-pension-sans-nuitee\/\"]}]},{\"@type\":\"ImageObject\",\"inLanguage\":\"fr-FR\",\"@id\":\"https:\/\/petservicesparis.com\/index.php\/tarifs-chiens-2025-garde-en-pension-sans-nuitee\/#primaryimage\",\"url\":\"https:\/\/petservicesparis.com\/wp-content\/uploads\/2023\/07\/IMG_5895-1-scaled.jpeg\",\"contentUrl\":\"https:\/\/petservicesparis.com\/wp-content\/uploads\/2023\/07\/IMG_5895-1-scaled.jpeg\",\"width\":2560,\"height\":2017},{\"@type\":\"BreadcrumbList\",\"@id\":\"https:\/\/petservicesparis.com\/index.php\/tarifs-chiens-2025-garde-en-pension-sans-nuitee\/#breadcrumb\",\"itemListElement\":[{\"@type\":\"ListItem\",\"position\":1,\"name\":\"Accueil\",\"item\":\"https:\/\/petservicesparis.com\/\"},{\"@type\":\"ListItem\",\"position\":2,\"name\":\"TARIFS CHIENS 2026 \/ garde en pension SANS nuit\u00e9e\"}]},{\"@type\":\"WebSite\",\"@id\":\"https:\/\/petservicesparis.com\/#website\",\"url\":\"https:\/\/petservicesparis.com\/\",\"name\":\"petservicesparis\",\"description\":\"garde animaux pension pour chats chiens et nac paris 14\",\"publisher\":{\"@id\":\"https:\/\/petservicesparis.com\/#organization\"},\"potentialAction\":[{\"@type\":\"SearchAction\",\"target\":{\"@type\":\"EntryPoint\",\"urlTemplate\":\"https:\/\/petservicesparis.com\/?s={search_term_string}\"},\"query-input\":{\"@type\":\"PropertyValueSpecification\",\"valueRequired\":true,\"valueName\":\"search_term_string\"}}],\"inLanguage\":\"fr-FR\"},{\"@type\":\"Organization\",\"@id\":\"https:\/\/petservicesparis.com\/#organization\",\"name\":\"petservicesparis\",\"url\":\"https:\/\/petservicesparis.com\/\",\"logo\":{\"@type\":\"ImageObject\",\"inLanguage\":\"fr-FR\",\"@id\":\"https:\/\/petservicesparis.com\/#\/schema\/logo\/image\/\",\"url\":\"https:\/\/petservicesparis.com\/wp-content\/uploads\/2023\/07\/cropped-logo-vert-sans-back.png\",\"contentUrl\":\"https:\/\/petservicesparis.com\/wp-content\/uploads\/2023\/07\/cropped-logo-vert-sans-back.png\",\"width\":1080,\"height\":160,\"caption\":\"petservicesparis\"},\"image\":{\"@id\":\"https:\/\/petservicesparis.com\/#\/schema\/logo\/image\/\"}}]}<\/script>\n<!-- \/ Yoast SEO plugin. -->","yoast_head_json":{"title":"TARIFS CHIENS 2026 \/ garde en pension SANS nuit\u00e9e - petservicesparis","robots":{"index":"index","follow":"follow","max-snippet":"max-snippet:-1","max-image-preview":"max-image-preview:large","max-video-preview":"max-video-preview:-1"},"canonical":"https:\/\/petservicesparis.com\/index.php\/tarifs-chiens-2025-garde-en-pension-sans-nuitee\/","og_locale":"fr_FR","og_type":"article","og_title":"TARIFS CHIENS 2026 \/ garde en pension SANS nuit\u00e9e - petservicesparis","og_description":"Tarif pour 1 chien &#8211; nourriture \u00e0 fournir Une Pr\u00e9-visite est indispensable pour tout nouveau client afin de recueillir des informations n\u00e9cessaires au bon d\u00e9roulement du s\u00e9jour de votre chien, rencontre et prise de connaissance avec l\u2019animal et d\u00e9couverte de la pension. Sa dur\u00e9e est entre 30 minutes et 1h : 25 \u20ac Pr\u00e9sence d&rsquo;un [&hellip;]","og_url":"https:\/\/petservicesparis.com\/index.php\/tarifs-chiens-2025-garde-en-pension-sans-nuitee\/","og_site_name":"petservicesparis","article_modified_time":"2026-04-13T14:49:58+00:00","og_image":[{"width":2560,"height":2017,"url":"https:\/\/petservicesparis.com\/wp-content\/uploads\/2023\/07\/IMG_5895-1-scaled.jpeg","type":"image\/jpeg"}],"twitter_card":"summary_large_image","twitter_misc":{"Dur\u00e9e de lecture estim\u00e9e":"2 minutes"},"schema":{"@context":"https:\/\/schema.org","@graph":[{"@type":"WebPage","@id":"https:\/\/petservicesparis.com\/index.php\/tarifs-chiens-2025-garde-en-pension-sans-nuitee\/","url":"https:\/\/petservicesparis.com\/index.php\/tarifs-chiens-2025-garde-en-pension-sans-nuitee\/","name":"TARIFS CHIENS 2026 \/ garde en pension SANS nuit\u00e9e - petservicesparis","isPartOf":{"@id":"https:\/\/petservicesparis.com\/#website"},"primaryImageOfPage":{"@id":"https:\/\/petservicesparis.com\/index.php\/tarifs-chiens-2025-garde-en-pension-sans-nuitee\/#primaryimage"},"image":{"@id":"https:\/\/petservicesparis.com\/index.php\/tarifs-chiens-2025-garde-en-pension-sans-nuitee\/#primaryimage"},"thumbnailUrl":"https:\/\/petservicesparis.com\/wp-content\/uploads\/2023\/07\/IMG_5895-1-1024x807.jpeg","datePublished":"2025-03-11T08:55:38+00:00","dateModified":"2026-04-13T14:49:58+00:00","breadcrumb":{"@id":"https:\/\/petservicesparis.com\/index.php\/tarifs-chiens-2025-garde-en-pension-sans-nuitee\/#breadcrumb"},"inLanguage":"fr-FR","potentialAction":[{"@type":"ReadAction","target":["https:\/\/petservicesparis.com\/index.php\/tarifs-chiens-2025-garde-en-pension-sans-nuitee\/"]}]},{"@type":"ImageObject","inLanguage":"fr-FR","@id":"https:\/\/petservicesparis.com\/index.php\/tarifs-chiens-2025-garde-en-pension-sans-nuitee\/#primaryimage","url":"https:\/\/petservicesparis.com\/wp-content\/uploads\/2023\/07\/IMG_5895-1-scaled.jpeg","contentUrl":"https:\/\/petservicesparis.com\/wp-content\/uploads\/2023\/07\/IMG_5895-1-scaled.jpeg","width":2560,"height":2017},{"@type":"BreadcrumbList","@id":"https:\/\/petservicesparis.com\/index.php\/tarifs-chiens-2025-garde-en-pension-sans-nuitee\/#breadcrumb","itemListElement":[{"@type":"ListItem","position":1,"name":"Accueil","item":"https:\/\/petservicesparis.com\/"},{"@type":"ListItem","position":2,"name":"TARIFS CHIENS 2026 \/ garde en pension SANS nuit\u00e9e"}]},{"@type":"WebSite","@id":"https:\/\/petservicesparis.com\/#website","url":"https:\/\/petservicesparis.com\/","name":"petservicesparis","description":"garde animaux pension pour chats chiens et nac paris 14","publisher":{"@id":"https:\/\/petservicesparis.com\/#organization"},"potentialAction":[{"@type":"SearchAction","target":{"@type":"EntryPoint","urlTemplate":"https:\/\/petservicesparis.com\/?s={search_term_string}"},"query-input":{"@type":"PropertyValueSpecification","valueRequired":true,"valueName":"search_term_string"}}],"inLanguage":"fr-FR"},{"@type":"Organization","@id":"https:\/\/petservicesparis.com\/#organization","name":"petservicesparis","url":"https:\/\/petservicesparis.com\/","logo":{"@type":"ImageObject","inLanguage":"fr-FR","@id":"https:\/\/petservicesparis.com\/#\/schema\/logo\/image\/","url":"https:\/\/petservicesparis.com\/wp-content\/uploads\/2023\/07\/cropped-logo-vert-sans-back.png","contentUrl":"https:\/\/petservicesparis.com\/wp-content\/uploads\/2023\/07\/cropped-logo-vert-sans-back.png","width":1080,"height":160,"caption":"petservicesparis"},"image":{"@id":"https:\/\/petservicesparis.com\/#\/schema\/logo\/image\/"}}]}},"_links":{"self":[{"href":"https:\/\/petservicesparis.com\/index.php\/wp-json\/wp\/v2\/pages\/5711","targetHints":{"allow":["GET"]}}],"collection":[{"href":"https:\/\/petservicesparis.com\/index.php\/wp-json\/wp\/v2\/pages"}],"about":[{"href":"https:\/\/petservicesparis.com\/index.php\/wp-json\/wp\/v2\/types\/page"}],"author":[{"embeddable":true,"href":"https:\/\/petservicesparis.com\/index.php\/wp-json\/wp\/v2\/users\/5"}],"replies":[{"embeddable":true,"href":"https:\/\/petservicesparis.com\/index.php\/wp-json\/wp\/v2\/comments?post=5711"}],"version-history":[{"count":38,"href":"https:\/\/petservicesparis.com\/index.php\/wp-json\/wp\/v2\/pages\/5711\/revisions"}],"predecessor-version":[{"id":6005,"href":"https:\/\/petservicesparis.com\/index.php\/wp-json\/wp\/v2\/pages\/5711\/revisions\/6005"}],"wp:attachment":[{"href":"https:\/\/petservicesparis.com\/index.php\/wp-json\/wp\/v2\/media?parent=5711"}],"curies":[{"name":"wp","href":"https:\/\/api.w.org\/{rel}","templated":true}]}}